+ 9)) - 7.
11
Calculate the remainder when 290 is divided by (-3007)/124*(-28)/7.
96
Let m be 117/18*2*1. Suppose 0 = -m*g + 10*g + 57. Suppose -v = 4*c + 19 - 99, 2*c - 220 = -3*v. What is the remainder when v is divided by g?
15
Let g(p) = -4*p - 87. Suppose x = -5*d + 2*d + 39, -2*d - x + 27 = 0. Calculate the remainder when g(-25) is divided by d.
1
Let z = -131 - -135. Suppose 0 = 5*i + 4*o + 14 - 275, o = z. Calculate the remainder when 244 is divided by i.
48
Calculate the remainder when (12/7)/6 - (-23)/(1127/28700) is divided by 80.
26
Let u = -31887 + 31927. Calculate the remainder when 82 is divided by u.
2
Let y = -4 - -1. Calculate the remainder when (2 - 0)*1331/242 is divided by y*2/(-8)*4.
2
Let k = 9532 - 9502. Let q = 161 - 72. What is the remainder when q is divided by k?
29
Let j = 147 + -85. Suppose -4*a - 3*c = -j + 17, -4*c = -12. What is the remainder when a is divided by 4/(-5)*(-7 + 2)?
1
Let t be ((-8)/10)/((-4)/60*-6). Let m be 2/(t/(-1))*3. Suppose 0 = -p - m*p + 24. What is the remainder when 19 is divided by p?
1
Suppose 5*h + 5*c = 80, 2*c = 4*h + 5*c - 60. Suppose -96 = -6*j + 36. Calculate the remainder when j is divided by h.
10
Let l(t) = 29*t - 50*t**2 + 21*t**2 + 34 + 15 - t**3. Let f be -14 + -1*(15 + 1). What is the remainder when l(f) is divided by 5?
4
Suppose u + 13*c + 6 = 14*c, -2*c = -5*u - 18. Calculate the remainder when (-3 - (-1 - u)) + 526 is divided by 35.
32
Let b = 7746 - 5373. Calculate the remainder when b is divided by 27.
24
Suppose -4*o + 14 = 6. Suppose -o*h - 33 = -3*h. Suppose 4*v = 4*y - 72, 0*v - 4 = -4*v. What is the remainder when h is divided by y?
14
Let u = -5213 - -5222. What is the remainder when 547 is divided by u?
7
What is the remainder when 1100 is divided by 1/3*128/(-80)*-90?
44
Suppose 11*m + 4557 = -10*m. Let j = -195 - m. Suppose 3*x - 3*d = -x + 423, x - 93 = 5*d. What is the remainder when x is divided by j?
20
Let n be 13/(-2)*(-24 + 10). Suppose 196 = -87*c + n*c. What is the remainder when 586 is divided by c?
47
Suppose -2*z + 124 = -259*n + 263*n, -4 = -n. What is the remainder when z is divided by 18?
0
Let w = 105 + -43. Let d be (136/170)/(1/5). Calculate the remainder when w is divided by 11165/539 - d/(-14).
20
Let c(b) = 143*b**2 - 180*b + 179. Calculate the remainder when 301 is divided by c(1).
17
Calculate the remainder when 616 is divided by (-440)/(-44) + (118 - 2).
112
Let g = 137 - 100. Let m = 66 - g. Calculate the remainder when m is divided by (2/4)/((-2)/(-64)).
13
What is the remainder when 587 is divided by ((-80)/6 - 2)*24*51/(-272)?
35
Suppose 3*d - 170 = d. Suppose -5 + d = 2*w. Calculate the remainder when w is divided by 108/(-81) + (-92)/(-6).
12
Let a be ((-420)/(-770))/((-3)/(-22)). Suppose 2*f - 24 = -a*n, -12 = -4*f - 2*n + 30. What is the remainder when 48 is divided by f?
8
Suppose -77*z + 1448 = -225 - 2947. Calculate the remainder when 387 is divided by z.
27
Let n = 37760 - 37741. Calculate the remainder when 645 is divided by n.
18
Suppose 4 = -4*u, 3*i + 2*u - 92 + 28 = 0. Suppose -w + 2*b = 2, 2*w + 2*b + i = -3*b. What is the remainder when 13 is divided by (15/(-10) - (-1 + 1))*w?
4
Suppose -626 - 2468 = -8*w + 1866. What is the remainder when w is divided by 56?
4
Suppose 2*q - 11 - 7 = 0. Let s be (-5 - 198/(-2))*(-1)/(-2). Suppose 2*k - 60 - s = 3*p, -p - 157 = -3*k. Calculate the remainder when k is divided by q.
7
Suppose -9*c + 3*c = -1170. Suppose -74*x + 145*x = 1420. Calculate the remainder when c is divided by x.
15
Let j(l) = 4*l**2 + 92*l + 42. Calculate the remainder when j(-23) is divided by 16.
10
Let b = -7 - -10. Suppose -j + 4*m - 6 + 32 = 0, 45 = b*j - m. What is the remainder when (1 - (-2)/2) + 81 is divided by j?
13
Suppose 3*g = -129 - 216. Suppose 2*y + 888 = -2*y. Let s = g - y. Calculate the remainder when s is divided by 27.
26
Suppose r - 5 = o + 191, 0 = 5*r + o - 950. What is the remainder when r is divided by 128?
63
Suppose -918*a - 2185 = -941*a. Let l(y) = 7*y - 4. Let h be l(7). Suppose 3*i - 27 - h = 0. Calculate the remainder when a is divided by i.
23
Suppose 228 = 2*u - 5*y + y, -3*y - 549 = -5*u. What is the remainder when u is divided by (-4 + 49/14)*-116?
50
Let r(k) = 186*k**2 + 10*k - 11. Let j be r(1). Let y = j + -132. What is the remainder when 259 is divided by y?
47
Let v(n) = 12*n - 16. Suppose 2*j = -3*k + 43, -110 = -5*k + 3*j - 32. Calculate the remainder when v(5) is divided by k.
14
Let l(j) = 302*j**2 + 127*j + 251. What is the remainder when l(-2) is divided by 413?
379
Let r = -25 - -28. Suppose 110 = 8*c - 394. Suppose -w = 6*w - c. Calculate the remainder when w is divided by r.
0
Let g(y) = -1520*y - 14693. What is the remainder when g(-10) is divided by 75?
57
Calculate the remainder when ((-5010)/(-40))/((-13)/(-52)) is divided by 36.
33
Suppose -31*d + 21*d + 133 = -67. Calculate the remainder when 693 is divided by d.
13
Suppose 537 = -2*j + 12*j - 4763. What is the remainder when j is divided by 136?
122
Calculate the remainder when 2952 is divided by 26/52*1*(205 - 1).
96
Let j(t) = 27*t**2 + 564*t - 7. What is the remainder when 725 is divided by j(-21)?
53
Let c be 184/23 - (-4)/(-1). Suppose 0 = 4*v - u - 0*u + 42, c*v + 38 = -u. Calculate the remainder when 1078/70 - 6/v is divided by 10.
6
Suppose 368 = 17*r - 29637. Calculate the remainder when r is divided by 19.
17
Let x = -58 + 238. Let l(f) = -f**3 + 40*f**2 - 296*f - 13. What is the remainder when x is divided by l(10)?
18
Suppose -53*l + 52*l + 33 = 3*c, 0 = -5*l - 2*c + 191. Let y = 309 - 180. Calculate the remainder when y is divided by l.
12
What is the remainder when 2415 is divided by 30*(-1 - 28/(-10) - (-102 - -102))?
39
Suppose 10*g - 25 = 5. Suppose g*h - 4*r - 353 = 0, 347 = 4*h + 4*r - 105. Calculate the remainder when h is divided by 30.
25
Let g = -133 - -918. Calculate the remainder when g is divided by 78.
5
Suppose 9324 + 5377 = 98*o + 491. Calculate the remainder when 869 is divided by o.
144
Let v = 53 + -88. Let s = v + 44. What is the remainder when 138/(-9)*(-2 - -1)*s is divided by 28?
26
Let v(h) = h**2 - 7*h - 2. Let p be v(4). Let d = p - -17. Suppose -d*o + 1 + 53 = 0. Calculate the remainder when o is divided by 6.
0
Calculate the remainder when (-6 - (-89 + 8)) + (-48)/(-8) is divided by 21.
18
Suppose 3*s - 25 = 368. What is the remainder when s is divided by 37/(-148)*4*-27?
23
Let s = 77 - 51. Let y(m) = -m**3 - 4*m**2 + 2*m + 15. Calculate the remainder when y(-6) is divided by s.
23
Let d = 6846 + -6828. Suppose -184 = 3*z + 5*l, 8 = 5*l - 12. Let j = 114 + z. Calculate the remainder when j is divided by d.
10
Let c = -10 + 20. Let y = 582 - 441. Suppose -y = -5*o + 199. Calculate the remainder when o is divided by c.
8
Suppose 45*g + 13188 - 12816 = 32277. Calculate the remainder when g is divided by 249.
211
Suppose -1071 = 5*t + 2099. Let n = t + 717. What is the remainder when n is divided by 24?
11
Suppose 1428 = 24*v - 11412. Calculate the remainder when v is divided by 251.
33
Let j(o) = -3*o**2 + 3*o - 2. Let g be j(2). Let v be (10*4/g)/(2/(-4)). Suppose 0 = v*d - 201 - 59. Calculate the remainder when 49 is divided by d.
23
Let w be 2664/(-2)*2*2/(-8). Let y = w - 477. What is the remainder when y is divided by 48?
45
Let t(w) = w**3 + 8*w**2 - 13*w - 10. Calculate the remainder when 2540/11430 + (-1)/(18/(-6944)) is divided by t(-9).
22
Suppose 4*q = 54*q - 59950. What is the remainder when q is divided by 76?
59
Let w = -36 - -53. Suppose -2*v + t + 7 = 0, -v - 3*t = -8*t - w. Suppose -26 - 10 = -v*o. What is the remainder when o is divided by 7?
4
Let l(h) = -28*h - 1712. Let r = 556 - 366. Calculate the remainder when r is divided by l(-62).
22
Let q be 53 - (5 + 2 - 4). What is the remainder when q/650 + (-1559)/(-13) is divided by 18?
12
Let g = -168 - -195. Suppose 5*b = 5*j + 2*b - 885, b = -3*j + 545. What is the remainder when j is divided by g?
18
Suppose 1340 - 167 = -2*g + 5*w, -3*g = 4*w + 1794. Let p = -568 - g. What is the remainder when p is divided by 8?
2
Let u(c) = -c + 86. Let s be u(12). Let f = 85 - s. What is the remainder when 29 is divided by f?
7
Let u(r) = -r**2 + 7*r - 8. Let x be u(3). Suppose -x*o + 348 = -8. Calc